 base 10, what is 149355 + -44?
149311
In base 12, what is 4 + 3345b7a?
3345b82
In base 4, what is 13021 + 230102013?
230121100
In base 4, what is -20 - -1320031202112?
1320031202032
In base 16, what is 733fb - 14?
733e7
In base 10, what is 0 + 26062960?
26062960
In base 10, what is 142667949 + -1?
142667948
In base 8, what is -17 - -2771347?
2771330
In base 2, what is 100011 - 11001010001011101010?
-11001010001011000111
In base 11, what is 2a4720 + 86?
2a47a6
In base 5, what is -11402332201 - -344?
-11402331302
In base 4, what is -31031203013 - -12?
-31031203001
In base 10, what is 2255 - -46?
2301
In base 13, what is 5 - 1271b188?
-1271b183
In base 11, what is 1626148 - -81?
1626219
In base 7, what is -5 + 364015356?
364015351
In base 14, what is -2656d - 99?
-26628
In base 7, what is -3511355 - -1034?
-3510321
In base 7, what is -1052514420 - 2?
-1052514422
In base 7, what is 646551 + 46320?
1026201
In base 13, what is 177 + -19873?
-196c9
In base 4, what is 202010231 + 33?
202010330
In base 9, what is -5 - 310147607?
-310147613
In base 13, what is -18a57 - 1b36?
-1a890
In base 9, what is -3 + 24005264?
24005261
In base 13, what is -1331a + b48?
-124a2
In base 6, what is 14 + 3020004111?
3020004125
In base 8, what is 515427347 + 14?
515427363
In base 8, what is -352 - 147417?
-147771
In base 5, what is -34223244214 - 3?
-34223244222
In base 6, what is -211121025 - -43?
-211120542
In base 6, what is 12024 - 2412210?
-2400142
In base 6, what is 225350 + 1211?
231001
In base 13, what is -1810 - -2090?
580
In base 13, what is 5 - 2760ccc8?
-2760ccc3
In base 15, what is 524 + -4215a?
-41b36
In base 4, what is 32 + -32222101321?
-32222101223
In base 12, what is -18137bbb + -8?
-18138007
In base 14, what is 5 + 303c225?
303c22a
In base 7, what is -651023 + -13313?
-664336
In base 12, what is 518811 + 19?
51882a
In base 15, what is -d40a3 - -53?
-d4050
In base 9, what is -60660 + 406?
-60253
In base 15, what is -2a9c + 20d?
-288e
In base 13, what is -99 + -c55a6?
-c5672
In base 13, what is -19359 - -78?
-192b1
In base 4, what is -101302120330 - 3?
-101302120333
In base 2, what is 1100111101101110010001 + -1101?
1100111101101110000100
In base 5, what is 232 + 13042044?
13042331
In base 2, what is -100 - -101000000110001000011100?
101000000110001000011000
In base 2, what is -111110000101101110101111000 - -101?
-111110000101101110101110011
In base 11, what is 2059 - 15454?
-133a6
In base 11, what is 29612a8 + 4?
2961301
In base 10, what is -3 - -43443833?
43443830
In base 10, what is 9 - -4233712?
4233721
In base 11, what is -341309a + 4?
-3413096
In base 8, what is -410676516 - -3?
-410676513
In base 7, what is -150462 + -344?
-151136
In base 16, what is 283 + -48a7c?
-487f9
In base 13, what is -2 - 18a7896?
-18a7898
In base 12, what is -1 - -356b5799?
356b5798
In base 3, what is 1011022 - 120001220222?
-120000202200
In base 9, what is -7 + 131664357?
131664350
In base 9, what is -2188 - -2210?
11
In base 8, what is 146264 + 426?
146712
In base 13, what is -1b864 + 619?
-1b248
In base 11, what is 4 + 360a21a?
360a223
In base 3, what is -111021 - 1021102101122?
-1021102212220
In base 8, what is -3541 + 47344?
43603
In base 8, what is -10444156 - 34?
-10444212
In base 13, what is -119 - -101bc?
100a3
In base 15, what is 1028 + 828?
1851
In base 8, what is 610172 + -1344?
606626
In base 5, what is -302141130414 + 22?
-302141130342
In base 2, what is -1011 - -1000010001111001100?
1000010001111000001
In base 5, what is -410040312 - -1343?
-410033414
In base 16, what is -27b20e6 - -5?
-27b20e1
In base 14, what is -5952c + -31?
-5955d
In base 6, what is 35 - 1151452?
-1151413
In base 8, what is 365 - -10136646?
10137233
In base 16, what is 8dd54 + -2f?
8dd25
In base 8, what is -424 + 27757?
27333
In base 11, what is -aa + 89121?
89022
In base 7, what is 46205340 - 115?
46205222
In base 8, what is -471712 - -355?
-471335
In base 4, what is -2113213 + 10330?
-2102223
In base 13, what is -9509 + 148c?
-804a
In base 16, what is 26c + c4b0c?
c4d78
In base 10, what is 5 + 232293856?
232293861
In base 6, what is -54135005 - -150?
-54134415
In base 10, what is -2 + -3559693?
-3559695
In base 6, what is -52 + 12114142?
12114050
In base 15, what is 60c91749 - -1?
60c9174a
In base 16, what is 2 - 514684?
-514682
In base 6, what is 1 - -44340314?
44340315
In base 7, what is 113 - 3141443?
-3141330
In base 2, what is 1111111001010 - 1101101110?
1110001011100
In base 16, what is c62f77 + 6?
c62f7d
In base 3, what is -220002100000221 - -211?
-220002100000010
In base 10, what is 9513 + 73?
9586
In base 7, what is 241 - -2426002?
2426243
In base 4, what is -1333211 + -223103?
-2222320
In base 15, what is 11a3 + -24bce?
-23a2b
In base 14, what is -dc4a2 - ad?
-dc571
In base 12, what is -16a5 - 1658?
-3141
In base 10, what is 6846 - -912?
7758
In base 13, what is -173 + -12072?
-12215
In base 11, what is 1 - -15aa50a7?
15aa50a8
In base 5, what is 13 - 304402014?
-304402001
In base 7, what is 4 - 536135363?
-536135356
In base 6, what is -2542200 + 2450?
-2535310
In base 8, what is 3213024612 - -2?
3213024614
In base 15, what is 12ab36c - 4?
12ab368
In base 2, what is 110001000101101011010011 - -1100?
110001000101101011011111
In base 12, what is 1353 - -10a796?
10bb29
In base 13, what is 2 + 119a2c7?
119a2c9
In base 12, what is -161b - -194?
-1447
In base 9, what is -201641315 - 18?
-201641334
In base 8, what is 236236 - 34?
236202
In base 10, what is -2675073 + 174?
-2674899
In base 15, what is b8b4 - 609?
b2aa
In base 15, what is -1e3d + 491?
-199c
In base 16, what is -9aeea7 - 3?
-9aeeaa
In base 10, what is -22610 + -3152?
-25762
In base 8, what is 5173 + -2611?
2362
In base 7, what is -442435 + -11636?
-454404
In base 2, what is -101101110000 - 1010110010011?
-10000100000011
In base 7, what is 1153132 - 341?
1152461
In base 4, what is 10 + 33202330313?
33202330323
In base 11, what is -1561397a - -3?
-15613977
In base 10, what is 1 - 26875239?
-26875238
In base 6, what is 5521120 + 1314?
5522434
In base 7, what is 6533450611 + -3?
6533450605
In base 14, what is 2dcbd15 - 0?
2dcbd15
In base 14, what is -12 + 1003c1?
1003ad
In base 4, what is 332000102 + -203101?
331131001
In base 7, what is 12245 - -150654?
163232
In base 13, what is -1 + 1596448?
1596447
In base 5, what is 1 + -123214004312?
-123214004311
In base 12, what is -372b9a1a + 0?
-372b9a1a
In base 8, what is 1324 + 6162?
7506
In base 10, what is 17561 - -6278?
23839
In base 11, what is -5 + -15894a55?
-15894a5a
In base 2, what is -11100010100011101 + 100?
-11100010100011001
In base 8, what is 161025 - 52?
160753
In base 13, what is 2 - -4b6b6c2?
4b6b6c4
In base 4, what is -301020 - -113313?
-121101
In base 8, what is 116440476 + 6?
116440504
In base 13, what is 12 + 839937?
839949
In base 9, what is 28 + 866786?
866825
In base 12, what is -40 + -422713?
-422753
In base 8, what is 2622 + 23046?
25670
In base 12, what is 6 - -852393?
852399
In base 6, what is 1 + 313002500?
313002501
In base 3, what is 200102202 - -221120?
201101022
In base 13, what is 44407 + 220?
44627
In base 9, what is -2 + -357317?
-357320
In base 14, what is -1 - 1a4cb4b?
-1a4cb4c
In base 2, what is -10110110101 + -1011001000?
-100001111101
In base 7, what is -316403 - -5?
-316365
In base 16, what is -19940d1 + -1?
-19940d2
In base 14, what is 7 - -22904d4?
22904db
In base 8, what is -47226 + 1263?
-45743
In base 4, what is 100220121222 + 11?
100220121233
In base 5, what is 12131431344 + -1?
12131431343
In base 16, what is -115cb83 - -3?
-115cb80
In base 12, what is -10678a23 - -2?
-10678a21
In base 12, what is -1 + -1978764?
-1978765
In base 6, what is 200345454 - -11?
200345505
In base 4, what is -200222222 - -121310?
-200100312
In base 3, what is -10001120011211 - 0?
-10001120011211
In base 4, what is 2033 - 130331322?
-130323223
In base 12, what is 3 - -b86a669?
b86a670
In base 11, what is 1a836622 + -4?
1a836619
In base 10, what is 875 - 9694?
-8819
In base 3, what is -101100112120021 + 21?
-101100112120000
In base 6, what is -214004002 - 120?
-214004122
In base 5, what is -11012042110 + -3?
-11012042113
In base 7, what is -2 + 30335644?
30335642
In base 14, what is 53cbc - -4?
53cc2
In base 4, what is -102203113030 + 1302?
-102203111